{"id":142,"date":"2020-02-24T14:01:31","date_gmt":"2020-02-24T14:01:31","guid":{"rendered":"https:\/\/demosites.io\/lawyers-gb\/?page_id=142"},"modified":"2025-11-14T12:13:38","modified_gmt":"2025-11-14T12:13:38","slug":"a02e5-homepage","status":"publish","type":"page","link":"https:\/\/huno-carpinteria.com\/","title":{"rendered":"Homepage"},"content":{"rendered":"\n<div id=\"wp-block-themeisle-blocks-advanced-columns-b4c18e12\" class=\"wp-block-themeisle-blocks-advanced-columns alignfull has-1-columns has-desktop-equal-layout has-tablet-equal-layout has-mobile-equal-layout has-vertical-unset\"><div class=\"wp-block-themeisle-blocks-advanced-columns-overlay\"><\/div><div class=\"innerblocks-wrap\">\n<div id=\"wp-block-themeisle-blocks-advanced-column-cef12066\" class=\"wp-block-themeisle-blocks-advanced-column has-dark-bg\">\n<p id=\"wp-block-themeisle-blocks-advanced-heading-6b0e9002\" class=\"wp-block-themeisle-blocks-advanced-heading wp-block-themeisle-blocks-advanced-heading-6b0e9002\"><strong>CARPINTER\u00cdA MET\u00c1LICA<\/strong><\/p>\n\n\n\n<h2 class=\"wp-block-heading has-text-align-center has-nv-text-dark-bg-color has-text-color\" style=\"font-size:49px;font-style:normal;font-weight:700\">Construyendo en Metal Innovando en Dise\u00f1o <\/h2>\n<\/div>\n<\/div><\/div>\n\n\n\n<div style=\"height:50px\" aria-hidden=\"true\" class=\"wp-block-spacer\"><\/div>\n\n\n\n<div id=\"wp-block-themeisle-blocks-advanced-columns-9b29ca44\" class=\"wp-block-themeisle-blocks-advanced-columns alignfull has-1-columns has-desktop-equal-layout has-tablet-equal-layout has-mobile-equal-layout has-vertical-unset has-light-bg\"><div class=\"wp-block-themeisle-blocks-advanced-columns-overlay\"><\/div><div class=\"innerblocks-wrap\">\n<div id=\"wp-block-themeisle-blocks-advanced-column-86c8f629\" class=\"wp-block-themeisle-blocks-advanced-column\">\n<p id=\"wp-block-themeisle-blocks-advanced-heading-c688fcb5\" class=\"wp-block-themeisle-blocks-advanced-heading wp-block-themeisle-blocks-advanced-heading-c688fcb5\">VEINTE A\u00d1OS DE EXPERIENCIA<\/p>\n\n\n\n<h2 class=\"wp-block-heading has-text-align-center\" style=\"font-size:40px\">FORJADA EN METAL <\/h2>\n<\/div>\n<\/div><\/div>\n\n\n\n<div id=\"wp-block-themeisle-blocks-advanced-columns-90845b53\" class=\"wp-block-themeisle-blocks-advanced-columns has-3-columns has-desktop-equal-layout has-tablet-equal-layout has-mobile-collapsedRows-layout has-vertical-unset has-light-bg\"><div class=\"wp-block-themeisle-blocks-advanced-columns-overlay\"><\/div><div class=\"innerblocks-wrap\">\n<div id=\"wp-block-themeisle-blocks-advanced-column-f4d0871c\" class=\"wp-block-themeisle-blocks-advanced-column has-light-bg\">\n<div class=\"wp-block-themeisle-blocks-service\">\n<div id=\"wp-block-themeisle-blocks-font-awesome-icons-6c3ffa57\" class=\"wp-block-themeisle-blocks-font-awesome-icons\"><span class=\"wp-block-themeisle-blocks-font-awesome-icons-container\"><i class=\"fas fa-archway\"><\/i><\/span><\/div>\n\n\n\n<h4 id=\"wp-block-themeisle-blocks-advanced-heading-0581cdc3\" class=\"wp-block-themeisle-blocks-advanced-heading wp-block-themeisle-blocks-advanced-heading-0581cdc3\">Dise\u00f1o en Metal<\/h4>\n\n\n\n<p id=\"wp-block-themeisle-blocks-advanced-heading-6965a25d\" class=\"wp-block-themeisle-blocks-advanced-heading wp-block-themeisle-blocks-advanced-heading-6965a25d\"><strong>Arte <\/strong>en cada<strong> detalle<\/strong> con material de<strong> calidad<\/strong><\/p>\n<\/div>\n<\/div>\n\n\n\n<div id=\"wp-block-themeisle-blocks-advanced-column-74430dd0\" class=\"wp-block-themeisle-blocks-advanced-column\">\n<figure class=\"wp-block-image size-large is-style-default wp-duotone-unset-1\" id=\"wp-block-themeisle-blocks-image-f4108e1f\"><img loading=\"lazy\" decoding=\"async\" width=\"1024\" height=\"683\" src=\"https:\/\/huno-carpinteria.com\/wp-content\/uploads\/2025\/11\/CRISTALERA-1024x683.png\" alt=\"\" class=\"wp-image-552\" style=\"aspect-ratio:4\/3;object-fit:cover\" srcset=\"https:\/\/huno-carpinteria.com\/wp-content\/uploads\/2025\/11\/CRISTALERA-1024x683.png 1024w, https:\/\/huno-carpinteria.com\/wp-content\/uploads\/2025\/11\/CRISTALERA-300x200.png 300w, https:\/\/huno-carpinteria.com\/wp-content\/uploads\/2025\/11\/CRISTALERA-768x512.png 768w, https:\/\/huno-carpinteria.com\/wp-content\/uploads\/2025\/11\/CRISTALERA-930x620.png 930w, https:\/\/huno-carpinteria.com\/wp-content\/uploads\/2025\/11\/CRISTALERA.png 1350w\" sizes=\"auto, (max-width: 1024px) 100vw, 1024px\" \/><\/figure>\n<\/div>\n\n\n\n<div id=\"wp-block-themeisle-blocks-advanced-column-bf96f229\" class=\"wp-block-themeisle-blocks-advanced-column has-light-bg\">\n<div class=\"wp-block-themeisle-blocks-service\">\n<div id=\"wp-block-themeisle-blocks-font-awesome-icons-49d8a89c\" class=\"wp-block-themeisle-blocks-font-awesome-icons\"><span class=\"wp-block-themeisle-blocks-font-awesome-icons-container\"><i class=\"fas fa-ruler-horizontal\"><\/i><\/span><\/div>\n\n\n\n<h4 id=\"wp-block-themeisle-blocks-advanced-heading-0ce47501\" class=\"wp-block-themeisle-blocks-advanced-heading wp-block-themeisle-blocks-advanced-heading-0ce47501\">Tu Visi\u00f3n Importa <\/h4>\n\n\n\n<p id=\"wp-block-themeisle-blocks-advanced-heading-2f996a58\" class=\"wp-block-themeisle-blocks-advanced-heading wp-block-themeisle-blocks-advanced-heading-2f996a58\"> Plasmamos tus<strong> ideas sobre<\/strong> el<strong> metal<\/strong><\/p>\n<\/div>\n<\/div>\n<\/div><\/div>\n\n\n\n<div style=\"height:50px\" aria-hidden=\"true\" class=\"wp-block-spacer\"><\/div>\n\n\n\n<div id=\"wp-block-themeisle-blocks-advanced-columns-704b200e\" class=\"wp-block-themeisle-blocks-advanced-columns alignfull has-2-columns has-desktop-equal-layout has-tablet-equal-layout has-mobile-collapsedRows-layout has-vertical-center\"><div class=\"wp-block-themeisle-blocks-advanced-columns-overlay\"><\/div><div class=\"innerblocks-wrap\">\n<div id=\"wp-block-themeisle-blocks-advanced-column-973d034a\" class=\"wp-block-themeisle-blocks-advanced-column\">\n<h2 class=\"wp-block-heading\" style=\"font-size:27px\">Nuestra Filosof\u00eda<\/h2>\n\n\n\n<p>Combinamos la <strong>artesan\u00eda tradicional<\/strong> con las \u00faltimas t\u00e9cnicas y <strong>tecnolog\u00edas<\/strong> en carpinter\u00eda met\u00e1lica.<\/p>\n\n\n\n<p>Apostamos por la<strong> innovaci\u00f3n<\/strong> constante, la<strong> optimizaci\u00f3n<\/strong> de procesos y la <strong>comunicaci\u00f3n<\/strong> con el cliente.<\/p>\n\n\n\n<div id=\"wp-block-themeisle-blocks-button-group-7dfe5d62\" class=\"wp-block-themeisle-blocks-button-group wp-block-buttons\">\n<div id=\"wp-block-themeisle-blocks-button-99556d04\" class=\"wp-block-themeisle-blocks-button wp-block-button\"><a href=\"https:\/\/huno-carpinteria.com\/?page_id=11\" target=\"_self\" rel=\"noopener noreferrer\" class=\"wp-block-button__link\"><span>SOBRE NOSOTROS<\/span><\/a><\/div>\n<\/div>\n<\/div>\n\n\n\n<div id=\"wp-block-themeisle-blocks-advanced-column-25583956\" class=\"wp-block-themeisle-blocks-advanced-column\">\n<figure class=\"wp-block-image size-large is-style-default\"><img loading=\"lazy\" decoding=\"async\" width=\"1024\" height=\"683\" src=\"https:\/\/huno-carpinteria.com\/wp-content\/uploads\/2025\/11\/SONIA-DIFU-1024x683.png\" alt=\"\" class=\"wp-image-561\" srcset=\"https:\/\/huno-carpinteria.com\/wp-content\/uploads\/2025\/11\/SONIA-DIFU-1024x683.png 1024w, https:\/\/huno-carpinteria.com\/wp-content\/uploads\/2025\/11\/SONIA-DIFU-300x200.png 300w, https:\/\/huno-carpinteria.com\/wp-content\/uploads\/2025\/11\/SONIA-DIFU-768x512.png 768w, https:\/\/huno-carpinteria.com\/wp-content\/uploads\/2025\/11\/SONIA-DIFU-930x620.png 930w, https:\/\/huno-carpinteria.com\/wp-content\/uploads\/2025\/11\/SONIA-DIFU.png 1350w\" sizes=\"auto, (max-width: 1024px) 100vw, 1024px\" \/><\/figure>\n<\/div>\n<\/div><\/div>\n\n\n\n<div style=\"height:50px\" aria-hidden=\"true\" class=\"wp-block-spacer\"><\/div>\n\n\n\n<div id=\"wp-block-themeisle-blocks-advanced-columns-b82a09aa\" class=\"wp-block-themeisle-blocks-advanced-columns alignfull has-1-columns has-desktop-equal-layout has-tablet-equal-layout has-mobile-equal-layout has-vertical-unset has-light-bg\"><div class=\"wp-block-themeisle-blocks-advanced-columns-overlay\"><\/div><div class=\"innerblocks-wrap\">\n<div id=\"wp-block-themeisle-blocks-advanced-column-72a124d8\" class=\"wp-block-themeisle-blocks-advanced-column\">\n<h2 class=\"wp-block-heading has-text-align-center\" style=\"font-size:40px\"><strong>Nuestros Servicios<\/strong><\/h2>\n\n\n\n<div class=\"wp-block-columns is-layout-flex wp-container-core-columns-is-layout-9d6595d7 wp-block-columns-is-layout-flex\">\n<div class=\"wp-block-column is-layout-flow wp-block-column-is-layout-flow\">\n<div id=\"wp-block-themeisle-blocks-font-awesome-icons-7a492441\" class=\"wp-block-themeisle-blocks-font-awesome-icons\"><span class=\"wp-block-themeisle-blocks-font-awesome-icons-container\"><i class=\"fas fa-columns\"><\/i><\/span><\/div>\n\n\n\n<p class=\"has-text-align-center\"><strong>Vidrios<\/strong>: luminosidad, aislamiento t\u00e9rmico y sonoro.<\/p>\n\n\n\n<figure class=\"wp-block-image size-full\"><img loading=\"lazy\" decoding=\"async\" width=\"1349\" height=\"900\" src=\"https:\/\/huno-carpinteria.com\/wp-content\/uploads\/2025\/11\/29.jpeg\" alt=\"\" class=\"wp-image-1010\" style=\"aspect-ratio:4\/3;object-fit:cover\" srcset=\"https:\/\/huno-carpinteria.com\/wp-content\/uploads\/2025\/11\/29.jpeg 1349w, https:\/\/huno-carpinteria.com\/wp-content\/uploads\/2025\/11\/29-300x200.jpeg 300w, https:\/\/huno-carpinteria.com\/wp-content\/uploads\/2025\/11\/29-1024x683.jpeg 1024w, https:\/\/huno-carpinteria.com\/wp-content\/uploads\/2025\/11\/29-768x512.jpeg 768w, https:\/\/huno-carpinteria.com\/wp-content\/uploads\/2025\/11\/29-930x620.jpeg 930w\" sizes=\"auto, (max-width: 1349px) 100vw, 1349px\" \/><\/figure>\n<\/div>\n\n\n\n<div class=\"wp-block-column is-layout-flow wp-block-column-is-layout-flow\">\n<div id=\"wp-block-themeisle-blocks-font-awesome-icons-f053f98e\" class=\"wp-block-themeisle-blocks-font-awesome-icons\"><span class=\"wp-block-themeisle-blocks-font-awesome-icons-container\"><i class=\"fas fa-tools\"><\/i><\/span><\/div>\n\n\n\n<p class=\"has-text-align-center\"><strong>Estructuras met\u00e1licas:<\/strong> barandillas, escaleras, vallas, celos\u00edas, rejas&#8230;<\/p>\n\n\n\n<figure class=\"wp-block-image size-large\"><img loading=\"lazy\" decoding=\"async\" width=\"862\" height=\"1024\" src=\"https:\/\/huno-carpinteria.com\/wp-content\/uploads\/2025\/11\/36-VIVIENDAS-CELOSIA-VERTIGO-e1762419498292-862x1024.jpg\" alt=\"\" class=\"wp-image-541\" style=\"aspect-ratio:4\/3;object-fit:cover\" srcset=\"https:\/\/huno-carpinteria.com\/wp-content\/uploads\/2025\/11\/36-VIVIENDAS-CELOSIA-VERTIGO-e1762419498292-862x1024.jpg 862w, https:\/\/huno-carpinteria.com\/wp-content\/uploads\/2025\/11\/36-VIVIENDAS-CELOSIA-VERTIGO-e1762419498292-252x300.jpg 252w, https:\/\/huno-carpinteria.com\/wp-content\/uploads\/2025\/11\/36-VIVIENDAS-CELOSIA-VERTIGO-e1762419498292-768x913.jpg 768w, https:\/\/huno-carpinteria.com\/wp-content\/uploads\/2025\/11\/36-VIVIENDAS-CELOSIA-VERTIGO-e1762419498292.jpg 898w\" sizes=\"auto, (max-width: 862px) 100vw, 862px\" \/><\/figure>\n<\/div>\n\n\n\n<div class=\"wp-block-column is-layout-flow wp-block-column-is-layout-flow\">\n<div id=\"wp-block-themeisle-blocks-font-awesome-icons-9bc8b855\" class=\"wp-block-themeisle-blocks-font-awesome-icons\"><span class=\"wp-block-themeisle-blocks-font-awesome-icons-container\"><i class=\"fas fa-door-closed\"><\/i><\/span><\/div>\n\n\n\n<p class=\"has-text-align-center\"><strong>Puertas<\/strong> a medida combinando dise\u00f1o y seguridad.<\/p>\n\n\n\n<figure class=\"wp-block-image size-large\"><img loading=\"lazy\" decoding=\"async\" width=\"1024\" height=\"683\" src=\"https:\/\/huno-carpinteria.com\/wp-content\/uploads\/2025\/11\/35-1024x683.jpeg\" alt=\"\" class=\"wp-image-1023\" style=\"aspect-ratio:4\/3;object-fit:cover\" srcset=\"https:\/\/huno-carpinteria.com\/wp-content\/uploads\/2025\/11\/35-1024x683.jpeg 1024w, https:\/\/huno-carpinteria.com\/wp-content\/uploads\/2025\/11\/35-300x200.jpeg 300w, https:\/\/huno-carpinteria.com\/wp-content\/uploads\/2025\/11\/35-768x512.jpeg 768w, https:\/\/huno-carpinteria.com\/wp-content\/uploads\/2025\/11\/35-930x620.jpeg 930w, https:\/\/huno-carpinteria.com\/wp-content\/uploads\/2025\/11\/35.jpeg 1349w\" sizes=\"auto, (max-width: 1024px) 100vw, 1024px\" \/><\/figure>\n<\/div>\n<\/div>\n<\/div>\n<\/div><\/div>\n\n\n\n<p><\/p>\n\n\n\n<div class=\"wp-block-buttons is-content-justification-center is-layout-flex wp-container-core-buttons-is-layout-16018d1d wp-block-buttons-is-layout-flex\">\n<div class=\"wp-block-button\"><a class=\"wp-block-button__link wp-element-button\" href=\"https:\/\/huno-carpinteria.com\/?page_id=40\">M\u00c1S SERVICIOS<\/a><\/div>\n<\/div>\n\n\n\n<div style=\"height:50px\" aria-hidden=\"true\" class=\"wp-block-spacer\"><\/div>\n\n\n\n<div id=\"wp-block-themeisle-blocks-advanced-columns-ff8bdb9c\" class=\"wp-block-themeisle-blocks-advanced-columns alignfull has-1-columns has-desktop-equal-layout has-tablet-equal-layout has-mobile-equal-layout has-vertical-unset has-light-bg\"><div class=\"wp-block-themeisle-blocks-advanced-columns-overlay\"><\/div><div class=\"innerblocks-wrap\">\n<div id=\"wp-block-themeisle-blocks-advanced-column-11657890\" class=\"wp-block-themeisle-blocks-advanced-column\">\n<h2 class=\"wp-block-heading has-text-align-center\" style=\"font-size:45px\">Proyectos<\/h2>\n<\/div>\n<\/div><\/div>\n\n\n\n<div id=\"wp-block-themeisle-blocks-slider-5a1f8419\" class=\"wp-block-themeisle-blocks-slider glide\" data-per-view=\"3\" data-gap=\"0\" data-peek=\"0\" data-autoplay=\"false\" data-height=\"600px\" data-hide-arrows=\"false\" data-transition=\"linear\"><div class=\"glide__track\" data-glide-el=\"track\"><div class=\"glide__slides\"><div class=\"wp-block-themeisle-blocks-slider-item-wrapper glide__slide\" tabindex=\"0\"><figure><img decoding=\"async\" class=\"wp-block-themeisle-blocks-slider-item\" src=\"https:\/\/huno-carpinteria.com\/wp-content\/uploads\/2025\/11\/24.jpeg\" alt=\"\" title=\"\" data-id=\"1015\"\/><\/figure><\/div><div class=\"wp-block-themeisle-blocks-slider-item-wrapper glide__slide\" tabindex=\"0\"><figure><img decoding=\"async\" class=\"wp-block-themeisle-blocks-slider-item\" src=\"https:\/\/huno-carpinteria.com\/wp-content\/uploads\/2025\/11\/OBRA-22.jpeg\" alt=\"\" title=\"\" data-id=\"971\"\/><\/figure><\/div><div class=\"wp-block-themeisle-blocks-slider-item-wrapper glide__slide\" tabindex=\"0\"><figure><img decoding=\"async\" class=\"wp-block-themeisle-blocks-slider-item\" src=\"https:\/\/huno-carpinteria.com\/wp-content\/uploads\/2025\/11\/36-VIVIENDAS-ESQUINA-GLOBAL.jpg\" alt=\"\" title=\"\" data-id=\"544\"\/><\/figure><\/div><div class=\"wp-block-themeisle-blocks-slider-item-wrapper glide__slide\" tabindex=\"0\"><figure><img decoding=\"async\" class=\"wp-block-themeisle-blocks-slider-item\" src=\"https:\/\/huno-carpinteria.com\/wp-content\/uploads\/2025\/11\/35.jpeg\" alt=\"\" title=\"\" data-id=\"1023\"\/><\/figure><\/div><div class=\"wp-block-themeisle-blocks-slider-item-wrapper glide__slide\" tabindex=\"0\"><figure><img decoding=\"async\" class=\"wp-block-themeisle-blocks-slider-item\" src=\"https:\/\/huno-carpinteria.com\/wp-content\/uploads\/2025\/11\/OBRA-1.jpeg\" alt=\"\" title=\"\" data-id=\"955\"\/><\/figure><\/div><div class=\"wp-block-themeisle-blocks-slider-item-wrapper glide__slide\" tabindex=\"0\"><figure><img decoding=\"async\" class=\"wp-block-themeisle-blocks-slider-item\" src=\"https:\/\/huno-carpinteria.com\/wp-content\/uploads\/2025\/11\/OBRA-13.jpeg\" alt=\"\" title=\"\" data-id=\"960\"\/><\/figure><\/div><\/div><\/div><\/div>\n\n\n\n<p><\/p>\n\n\n\n<div class=\"wp-block-buttons is-horizontal is-content-justification-center is-layout-flex wp-container-core-buttons-is-layout-499968f5 wp-block-buttons-is-layout-flex\">\n<div class=\"wp-block-button\"><a class=\"wp-block-button__link wp-element-button\" href=\"https:\/\/huno-carpinteria.com\/?page_id=13\">M\u00c1S PROYECTOS<\/a><\/div>\n<\/div>\n\n\n\n<div style=\"height:50px\" aria-hidden=\"true\" class=\"wp-block-spacer\"><\/div>\n\n\n\n<div id=\"wp-block-themeisle-blocks-advanced-columns-47225228\" class=\"wp-block-themeisle-blocks-advanced-columns alignfull has-1-columns has-desktop-equal-layout has-tablet-equal-layout has-mobile-equal-layout has-vertical-unset\"><div class=\"wp-block-themeisle-blocks-advanced-columns-overlay\"><\/div><div class=\"innerblocks-wrap\">\n<div id=\"wp-block-themeisle-blocks-advanced-column-b6745044\" class=\"wp-block-themeisle-blocks-advanced-column has-dark-bg\">\n<p id=\"wp-block-themeisle-blocks-advanced-heading-407fe3d8\" class=\"wp-block-themeisle-blocks-advanced-heading wp-block-themeisle-blocks-advanced-heading-407fe3d8\"><strong>CONTACTO<\/strong><\/p>\n\n\n\n<h2 class=\"wp-block-heading has-text-align-center has-nv-site-bg-color has-text-color has-link-color wp-elements-bef8e8dd745f8b8a8ee6646fc7146760\" style=\"font-size:50px\">\u00bfALGUNA DUDA?<\/h2>\n\n\n\n<p class=\"has-text-align-center has-nv-site-bg-color has-text-color has-link-color wp-elements-5ca28fcd791facfd186c3bd112e1fbb0\" style=\"font-size:20px\">Cons\u00faltanos sin compromiso <\/p>\n\n\n\n<div id=\"wp-block-themeisle-blocks-button-group-266da9fb\" class=\"wp-block-themeisle-blocks-button-group wp-block-buttons align-center\">\n<div id=\"wp-block-themeisle-blocks-button-877b8864\" class=\"wp-block-themeisle-blocks-button wp-block-button\"><a href=\"https:\/\/huno-carpinteria.com\/?page_id=12\" target=\"_self\" rel=\"noopener noreferrer\" class=\"wp-block-button__link\"><i class=\"fas fa-fw fa-phone-alt margin-right\"><\/i><span>CONTACTA CON NOSOTROS<\/span><\/a><\/div>\n<\/div>\n<\/div>\n<\/div><\/div>\n","protected":false},"excerpt":{"rendered":"","protected":false},"author":1,"featured_media":0,"parent":0,"menu_order":0,"comment_status":"closed","ping_status":"closed","template":"page-templates\/template-pagebuilder-full-width.php","meta":{"neve_meta_sidebar":"full-width","neve_meta_container":"contained","neve_meta_enable_content_width":"on","neve_meta_content_width":100,"neve_meta_title_alignment":"","neve_meta_author_avatar":"","neve_post_elements_order":"","neve_meta_disable_header":"","neve_meta_disable_footer":"","neve_meta_disable_title":"on","_themeisle_gutenberg_block_has_review":false,"_ti_tpc_template_sync":false,"_ti_tpc_template_id":"u1zspuj4zbxd5v3eng92","footnotes":""},"class_list":["post-142","page","type-page","status-publish","hentry"],"yoast_head":"<!-- This site is optimized with the Yoast SEO plugin v21.2 - https:\/\/yoast.com\/wordpress\/plugins\/seo\/ -->\n<title>Homepage -<\/title>\n<meta name=\"robots\" content=\"index, follow, max-snippet:-1, max-image-preview:large, max-video-preview:-1\" \/>\n<link rel=\"canonical\" href=\"https:\/\/huno-carpinteria.com\/\" \/>\n<meta property=\"og:locale\" content=\"es_ES\" \/>\n<meta property=\"og:type\" content=\"article\" \/>\n<meta property=\"og:title\" content=\"Homepage -\" \/>\n<meta property=\"og:url\" content=\"https:\/\/huno-carpinteria.com\/\" \/>\n<meta property=\"article:modified_time\" content=\"2025-11-14T12:13:38+00:00\" \/>\n<meta property=\"og:image\" content=\"https:\/\/huno-carpinteria.com\/wp-content\/uploads\/2025\/11\/CRISTALERA-1024x683.png\" \/>\n<meta name=\"twitter:card\" content=\"summary_large_image\" \/>\n<meta name=\"twitter:label1\" content=\"Tiempo de lectura\" \/>\n\t<meta name=\"twitter:data1\" content=\"3 minutos\" \/>\n<script type=\"application\/ld+json\" class=\"yoast-schema-graph\">{\"@context\":\"https:\/\/schema.org\",\"@graph\":[{\"@type\":\"WebPage\",\"@id\":\"https:\/\/huno-carpinteria.com\/\",\"url\":\"https:\/\/huno-carpinteria.com\/\",\"name\":\"Homepage -\",\"isPartOf\":{\"@id\":\"https:\/\/huno-carpinteria.com\/?page_id=487&lang=en\/#website\"},\"datePublished\":\"2020-02-24T14:01:31+00:00\",\"dateModified\":\"2025-11-14T12:13:38+00:00\",\"breadcrumb\":{\"@id\":\"https:\/\/huno-carpinteria.com\/#breadcrumb\"},\"inLanguage\":\"es\",\"potentialAction\":[{\"@type\":\"ReadAction\",\"target\":[\"https:\/\/huno-carpinteria.com\/\"]}]},{\"@type\":\"BreadcrumbList\",\"@id\":\"https:\/\/huno-carpinteria.com\/#breadcrumb\",\"itemListElement\":[{\"@type\":\"ListItem\",\"position\":1,\"name\":\"Portada\",\"item\":\"https:\/\/huno-carpinteria.com\/\"},{\"@type\":\"ListItem\",\"position\":2,\"name\":\"Homepage\"}]},{\"@type\":\"WebSite\",\"@id\":\"https:\/\/huno-carpinteria.com\/?page_id=487&lang=en\/#website\",\"url\":\"https:\/\/huno-carpinteria.com\/?page_id=487&lang=en\/\",\"name\":\"Huno Carpinter\u00eda\",\"description\":\"Carpinter\u00eda Met\u00e1lica Huno\",\"publisher\":{\"@id\":\"https:\/\/huno-carpinteria.com\/?page_id=487&lang=en\/#organization\"},\"potentialAction\":[{\"@type\":\"SearchAction\",\"target\":{\"@type\":\"EntryPoint\",\"urlTemplate\":\"https:\/\/huno-carpinteria.com\/?page_id=487&lang=en\/?s={search_term_string}\"},\"query-input\":\"required name=search_term_string\"}],\"inLanguage\":\"es\"},{\"@type\":\"Organization\",\"@id\":\"https:\/\/huno-carpinteria.com\/?page_id=487&lang=en\/#organization\",\"name\":\"Huno Carpinter\u00eda\",\"url\":\"https:\/\/huno-carpinteria.com\/?page_id=487&lang=en\/\",\"logo\":{\"@type\":\"ImageObject\",\"inLanguage\":\"es\",\"@id\":\"https:\/\/huno-carpinteria.com\/?page_id=487&lang=en\/#\/schema\/logo\/image\/\",\"url\":\"https:\/\/huno-carpinteria.com\/wp-content\/uploads\/2023\/09\/LOGO_TRANS.png\",\"contentUrl\":\"https:\/\/huno-carpinteria.com\/wp-content\/uploads\/2023\/09\/LOGO_TRANS.png\",\"width\":110,\"height\":70,\"caption\":\"Huno Carpinter\u00eda\"},\"image\":{\"@id\":\"https:\/\/huno-carpinteria.com\/?page_id=487&lang=en\/#\/schema\/logo\/image\/\"}}]}<\/script>\n<!-- \/ Yoast SEO plugin. -->","yoast_head_json":{"title":"Homepage -","robots":{"index":"index","follow":"follow","max-snippet":"max-snippet:-1","max-image-preview":"max-image-preview:large","max-video-preview":"max-video-preview:-1"},"canonical":"https:\/\/huno-carpinteria.com\/","og_locale":"es_ES","og_type":"article","og_title":"Homepage -","og_url":"https:\/\/huno-carpinteria.com\/","article_modified_time":"2025-11-14T12:13:38+00:00","og_image":[{"url":"https:\/\/huno-carpinteria.com\/wp-content\/uploads\/2025\/11\/CRISTALERA-1024x683.png"}],"twitter_card":"summary_large_image","twitter_misc":{"Tiempo de lectura":"3 minutos"},"schema":{"@context":"https:\/\/schema.org","@graph":[{"@type":"WebPage","@id":"https:\/\/huno-carpinteria.com\/","url":"https:\/\/huno-carpinteria.com\/","name":"Homepage -","isPartOf":{"@id":"https:\/\/huno-carpinteria.com\/?page_id=487&lang=en\/#website"},"datePublished":"2020-02-24T14:01:31+00:00","dateModified":"2025-11-14T12:13:38+00:00","breadcrumb":{"@id":"https:\/\/huno-carpinteria.com\/#breadcrumb"},"inLanguage":"es","potentialAction":[{"@type":"ReadAction","target":["https:\/\/huno-carpinteria.com\/"]}]},{"@type":"BreadcrumbList","@id":"https:\/\/huno-carpinteria.com\/#breadcrumb","itemListElement":[{"@type":"ListItem","position":1,"name":"Portada","item":"https:\/\/huno-carpinteria.com\/"},{"@type":"ListItem","position":2,"name":"Homepage"}]},{"@type":"WebSite","@id":"https:\/\/huno-carpinteria.com\/?page_id=487&lang=en\/#website","url":"https:\/\/huno-carpinteria.com\/?page_id=487&lang=en\/","name":"Huno Carpinter\u00eda","description":"Carpinter\u00eda Met\u00e1lica Huno","publisher":{"@id":"https:\/\/huno-carpinteria.com\/?page_id=487&lang=en\/#organization"},"potentialAction":[{"@type":"SearchAction","target":{"@type":"EntryPoint","urlTemplate":"https:\/\/huno-carpinteria.com\/?page_id=487&lang=en\/?s={search_term_string}"},"query-input":"required name=search_term_string"}],"inLanguage":"es"},{"@type":"Organization","@id":"https:\/\/huno-carpinteria.com\/?page_id=487&lang=en\/#organization","name":"Huno Carpinter\u00eda","url":"https:\/\/huno-carpinteria.com\/?page_id=487&lang=en\/","logo":{"@type":"ImageObject","inLanguage":"es","@id":"https:\/\/huno-carpinteria.com\/?page_id=487&lang=en\/#\/schema\/logo\/image\/","url":"https:\/\/huno-carpinteria.com\/wp-content\/uploads\/2023\/09\/LOGO_TRANS.png","contentUrl":"https:\/\/huno-carpinteria.com\/wp-content\/uploads\/2023\/09\/LOGO_TRANS.png","width":110,"height":70,"caption":"Huno Carpinter\u00eda"},"image":{"@id":"https:\/\/huno-carpinteria.com\/?page_id=487&lang=en\/#\/schema\/logo\/image\/"}}]}},"_links":{"self":[{"href":"https:\/\/huno-carpinteria.com\/index.php?rest_route=\/wp\/v2\/pages\/142","targetHints":{"allow":["GET"]}}],"collection":[{"href":"https:\/\/huno-carpinteria.com\/index.php?rest_route=\/wp\/v2\/pages"}],"about":[{"href":"https:\/\/huno-carpinteria.com\/index.php?rest_route=\/wp\/v2\/types\/page"}],"author":[{"embeddable":true,"href":"https:\/\/huno-carpinteria.com\/index.php?rest_route=\/wp\/v2\/users\/1"}],"replies":[{"embeddable":true,"href":"https:\/\/huno-carpinteria.com\/index.php?rest_route=%2Fwp%2Fv2%2Fcomments&post=142"}],"version-history":[{"count":98,"href":"https:\/\/huno-carpinteria.com\/index.php?rest_route=\/wp\/v2\/pages\/142\/revisions"}],"predecessor-version":[{"id":1063,"href":"https:\/\/huno-carpinteria.com\/index.php?rest_route=\/wp\/v2\/pages\/142\/revisions\/1063"}],"wp:attachment":[{"href":"https:\/\/huno-carpinteria.com\/index.php?rest_route=%2Fwp%2Fv2%2Fmedia&parent=142"}],"curies":[{"name":"wp","href":"https:\/\/api.w.org\/{rel}","templated":true}]}}